Is 194866643 composite?
False
Is 19640209 a prime number?
True
Is 168689071 prime?
False
Is 40541687 a composite number?
True
Is 22121002 composite?
True
Is 1668841 a composite number?
True
Is 27533393 a composite number?
False
Is 230259 a composite number?
True
Is 3715579 composite?
True
Is 609511519 prime?
True
Is 5026549 prime?
False
Is 128376278 composite?
True
Is 2017685 a composite number?
True
Is 1782853 prime?
False
Is 970271 prime?
False
Is 199013597 a composite number?
False
Is 68967073 composite?
True
Is 20307719 prime?
True
Is 1888651 a prime number?
True
Is 650737 composite?
True
Is 353330543 a prime number?
True
Is 679339 a composite number?
True
Is 1102061659 prime?
True
Is 8991463 composite?
True
Is 99080071 a prime number?
True
Is 250583 composite?
False
Is 6884999 a prime number?
False
Is 120830309 prime?
True
Is 130345673 a composite number?
False
Is 10819694 prime?
False
Is 1095139 a composite number?
True
Is 76218937 a composite number?
True
Is 4327153 composite?
False
Is 15401059 prime?
False
Is 530620851 a composite number?
True
Is 1250393 a composite number?
True
Is 130786057 prime?
True
Is 2330983 a composite number?
True
Is 113287033 composite?
False
Is 761711 a prime number?
True
Is 402691 prime?
True
Is 6044981 prime?
True
Is 47065597 a prime number?
True
Is 25557229 prime?
True
Is 50166219 prime?
False
Is 53285581 prime?
True
Is 111974519 prime?
True
Is 7971521 a composite number?
True
Is 5201935 composite?
True
Is 12217549 prime?
False
Is 2716429 a prime number?
False
Is 105117667 a composite number?
True
Is 35865629 composite?
False
Is 5241461 a prime number?
False
Is 7533109 a prime number?
False
Is 62007599 a prime number?
True
Is 5929393 a prime number?
True
Is 1017647 a prime number?
True
Is 89013427 a composite number?
True
Is 26831137 a prime number?
False
Is 154813627 composite?
False
Is 241183 prime?
True
Is 142322081 composite?
True
Is 253232101 prime?
True
Is 41999939 prime?
True
Is 113580491 a prime number?
False
Is 29561747 a prime number?
False
Is 26066 a prime number?
False
Is 1835182 composite?
True
Is 56834251 a composite number?
False
Is 62955887 a prime number?
True
Is 363579211 prime?
True
Is 7607147 composite?
True
Is 13619527 prime?
False
Is 58159061 prime?
True
Is 952637759 prime?
False
Is 146106742 composite?
True
Is 686353 prime?
True
Is 21462583 prime?
True
Is 66775123 composite?
False
Is 56468641 a prime number?
True
Is 3792391 a composite number?
False
Is 1257551 a prime number?
False
Is 28780313 a composite number?
False
Is 24255769 prime?
True
Is 7962221 composite?
True
Is 144999461 composite?
False
Is 5123051 a composite number?
False
Is 1611011 composite?
True
Is 124883063 a composite number?
False
Is 4604207 prime?
False
Is 5155177 a prime number?
False
Is 591421 a composite number?
False
Is 6608449 a composite number?
True
Is 121106519 prime?
True
Is 6445541 prime?
False
Is 3504107 prime?
True
Is 9089273 a composite number?
True
Is 114306239 a composite number?
False
Is 3241783 a composite number?
False
Is 371086127 a prime number?
True
Is 1023513 a composite number?
True
Is 2097131 composite?
False
Is 310953 a prime number?
False
Is 295409 composite?
True
Is 7354861 a prime number?
True
Is 5142779 a prime number?
True
Is 12180071 a prime number?
False
Is 449533207 a prime number?
False
Is 1145602 a composite number?
True
Is 9777301 composite?
False
Is 371819311 a composite number?
True
Is 16116071 a prime number?
False
Is 9451699 prime?
False
Is 90840873 prime?
False
Is 357457 prime?
False
Is 17637943 prime?
True
Is 20976859 a prime number?
True
Is 4551601 a prime number?
True
Is 91285541 prime?
True
Is 8567021 a composite number?
True
Is 2472127 a composite number?
True
Is 15753651 a prime number?
False
Is 13852771 a composite number?
True
Is 26948483 prime?
False
Is 10027922 a composite number?
True
Is 530869 composite?
False
Is 73499867 composite?
True
Is 1579277 prime?
False
Is 209639237 prime?
False
Is 42904951 a composite number?
True
Is 37308311 composite?
False
Is 28475039 prime?
False
Is 223228139 composite?
True
Is 57927598 a composite number?
True
Is 759977 a composite number?
True
Is 2504427 composite?
True
Is 27241613 a prime number?
False
Is 7407637 prime?
True
Is 11718799 prime?
False
Is 380535481 prime?
False
Is 50284727 composite?
False
Is 398917039 prime?
True
Is 69607667 prime?
True
Is 9854797 a prime number?
False
Is 68505233 composite?
True
Is 120582029 a prime number?
False
Is 793263893 composite?
False
Is 5714201 composite?
True
Is 75824643 a composite number?
True
Is 43806953 prime?
True
Is 141295157 prime?
False
Is 2429337 a composite number?
True
Is 19542335 composite?
True
Is 5210197 a composite number?
False
Is 107275073 composite?
False
Is 10616791 composite?
False
Is 29108497 composite?
True
Is 197122339 prime?
True
Is 2978893 prime?
False
Is 7722089 prime?
False
Is 1574669 a composite number?
False
Is 339294341 a prime number?
True
Is 20565403 composite?
False
Is 796447 composite?
False
Is 679153 a prime number?
True
Is 22176029 a prime number?
True
Is 19338533 a composite number?
False
Is 8290769 a prime number?
True
Is 426470407 composite?
True
Is 8189017 composite?
True
Is 4375705 a prime number?
False
Is 33118019 a prime number?
False
Is 2893223 composite?
True
Is 83008349 a prime number?
True
Is 19721953 a prime number?
True
Is 300765247 prime?
True
Is 650437 composite?
True
Is 749789 prime?
False
Is 891341147 a composite number?
False
Is 409282477 prime?
False
Is 20011067 a composite number?
False
Is 12052219 prime?
True
Is 306579863 a composite number?
True
Is 6847661 a composite number?
True
Is 16699459 a prime number?
False
Is 6097907 prime?
True
Is 2639977 composite?
True
Is 97763833 a composite number?
True
Is 47420942 a prime number?
False
Is 12449519 prime?
True
Is 3624793 prime?
False
Is 171341 a prime number?
True
Is 4690183 prime?
False
Is 318339503 a prime number?
True
Is 9738067 a prime number?
False
Is 12767498 prime?
False
Is 3803489 a composite number?
True
Is 7427443 a prime number?
True
Is 2513911 composite?
True
Is 129167 a composite number?
True
Is 68312945 composite?
True
Is 188179093 a prime number?
False
Is 77020747 a composite number?
False
Is 4433307 composite?
True
Is 126396383 a prime number?
True
Is 518729305 prime?
False
Is 158768971 prime?
False
Is 4664111 composite?
False
Is 12299489 composite?
True
Is 3927997 composite?
False
Is 49133219 a composite number?
True
Is 843769 composite?
True
Is 145942351 prime?
True
Is 983707 prime?
False
Is 3681443 composite?
False
Is 1832911 a composite number?
True
Is 20515463 a composite number?
False
Is 2857031 prime?
False
Is 3027773 a prime number?
False
Is 2005891 prime?
False
Is 35784713 composite?
True
Is 13861787 prime?
True
Is 15159133 composite?
True
Is 72330403 composite?
True
Is 20865029 composite?
True
Is 11415307 a composite number?
False
Is 211775077 composite?
False
Is 290624043 a composite number?
True
Is 13869041 prime?
False
Is 8560957 a prime number?
True
Is 640432777 a prime number?
True
Is 2521699 prime?
False
Is 16936207 composite?
False
Is 60124907 prime?
True
Is 23887099 a composite number?
True
Is 4059641 prime?
False
Is 76899157 a composite number?
True
Is 3837323 composite?
True
Is 465506759 a composite number?
True
Is 707215253 a prime number?
True
Is 913582 a composite number?
True
Is 1656487463 a prime number?
False
Is 620603285 a prime number?
False
Is 10494511 a composite number?
False
Is 79276913 a prime number?
True
Is 719609909 prime?
True
Is 2072941 a composite number?
True
Is 415619 prime?
False
Is 263340121 prime?
False
Is 7794491 a prime number?
True
Is 62303401 a prime number?
True
Is 11879023 composite?
True
Is 137794705 a prime number?
False
Is 1454395 a prime number?
False
Is 3160571 prime?
False
Is 174007463 a prime number?
False
Is 1088042 composite?
True
Is 9135151 a composite number?
True
Is 1963427 a composite number?
True
Is 6570967 a composite number?
True
Is 20597099 prime?
True
Is 1134518599 a composite number?
True
Is 7062539 a composite number?
True
Is 1870699 prime?
False
Is 101434889 a prime number?
True
Is 20855803 a composite number?
True
Is 664357 a prime number?
True
Is 164073839 composite?
False
Is 8202703 composit